 957 divide 1083324?
True
Is 245126 a multiple of 11?
False
Is 837680 a multiple of 566?
True
Is 471 a factor of 700063?
False
Is 46750 a multiple of 50?
True
Is 951170 a multiple of 15?
False
Is 9 a factor of 1365444?
True
Is 19586468 a multiple of 391?
False
Does 96 divide 14016?
True
Is 222521 a multiple of 85?
False
Is 2095760 a multiple of 80?
True
Is 3187225 a multiple of 575?
True
Does 69 divide 800751?
False
Is 169 a factor of 171873?
True
Does 226 divide 42488?
True
Is 42752 a multiple of 4?
True
Is 1093596 a multiple of 2?
True
Does 11 divide 370094?
False
Is 516 a factor of 309084?
True
Is 336126 a multiple of 106?
True
Does 15 divide 2382458?
False
Is 13152 a multiple of 317?
False
Is 146 a factor of 416093?
False
Does 62 divide 115554?
False
Is 4244416 a multiple of 4?
True
Does 45 divide 77119?
False
Does 448 divide 1875347?
False
Is 227799 a multiple of 117?
True
Is 3210603 a multiple of 8?
False
Is 3018906 a multiple of 193?
True
Does 248 divide 1836936?
True
Does 13 divide 7602930?
False
Does 92 divide 634803?
False
Is 964431 a multiple of 165?
False
Does 60 divide 2234334?
False
Is 151 a factor of 183314?
True
Does 21 divide 194082?
True
Is 167 a factor of 4252822?
True
Is 20 a factor of 9168040?
True
Is 71643 a multiple of 11?
True
Does 14 divide 143050?
False
Is 12 a factor of 2545704?
True
Is 877 a factor of 6297737?
True
Is 38253 a multiple of 647?
False
Is 20 a factor of 299820?
True
Is 26607435 a multiple of 12?
False
Does 22 divide 3620958?
True
Does 101 divide 108676?
True
Is 101460 a multiple of 190?
True
Does 11 divide 9549870?
True
Is 85738 a multiple of 9?
False
Is 6 a factor of 618681?
False
Does 13 divide 6185?
False
Is 56520 a multiple of 45?
True
Is 1001 a factor of 489489?
True
Is 7954087 a multiple of 1187?
True
Is 52 a factor of 110916?
True
Does 19 divide 2055724?
True
Does 6 divide 534414?
True
Does 17 divide 397199?
False
Is 1150382 a multiple of 138?
False
Is 2310751 a multiple of 2?
False
Is 671 a factor of 1902884?
False
Is 45 a factor of 1721916?
False
Is 11 a factor of 1288475?
False
Is 17 a factor of 138037?
False
Does 383 divide 4398728?
False
Is 7403851 a multiple of 34?
False
Is 1314210 a multiple of 617?
True
Is 963600 a multiple of 8?
True
Is 987540 a multiple of 17?
False
Is 76 a factor of 285988?
True
Is 676 a factor of 3166006?
False
Is 676 a factor of 915976?
False
Is 1753832 a multiple of 8?
True
Is 1353904 a multiple of 296?
True
Is 4858267 a multiple of 23?
True
Is 330 a factor of 1062600?
True
Does 266 divide 1092196?
True
Is 1628996 a multiple of 13?
False
Is 133 a factor of 545391?
False
Is 24 a factor of 524880?
True
Does 7 divide 1014700?
False
Is 1766124 a multiple of 138?
True
Is 566 a factor of 603200?
False
Is 9 a factor of 97704?
True
Is 40 a factor of 2975689?
False
Is 5 a factor of 75015?
True
Is 1597717 a multiple of 24?
False
Is 2145479 even?
False
Is 2 a factor of 51888?
True
Is 453302 a multiple of 158?
True
Does 9 divide 1374741?
True
Does 296 divide 204832?
True
Is 2506011 a multiple of 17?
False
Is 115486 a multiple of 73?
True
Is 31 a factor of 4716712?
True
Is 2 a factor of 566620?
True
Does 42 divide 1060658?
False
Is 230 a factor of 151697?
False
Is 201616 a multiple of 197?
False
Does 20 divide 1711103?
False
Is 64 a factor of 20613?
False
Is 152598 a multiple of 10?
False
Is 2149370 a multiple of 27?
False
Is 1088611 a multiple of 32?
False
Is 7661910 a multiple of 635?
True
Does 326 divide 666667?
False
Is 998284 a multiple of 707?
True
Does 475 divide 7679509?
False
Is 33 a factor of 9935376?
True
Does 24 divide 36768?
True
Is 55986 a multiple of 93?
True
Is 13 a factor of 40309152?
True
Is 238678 a multiple of 2?
True
Is 30555040 a multiple of 361?
True
Does 127 divide 1570378?
False
Is 243125 a multiple of 405?
False
Is 114000 a multiple of 30?
True
Is 1529137 a multiple of 461?
True
Is 9 a factor of 46171?
False
Does 35 divide 107520?
True
Is 30181658 a multiple of 598?
True
Is 20 a factor of 32280?
True
Does 134 divide 7951426?
True
Does 51 divide 117300?
True
Is 10 a factor of 38622?
False
Is 49 a factor of 136710?
True
Does 178 divide 58081?
False
Is 291800 a multiple of 25?
True
Does 59 divide 1386831?
False
Is 40385 a multiple of 41?
True
Is 12 a factor of 2448?
True
Does 9 divide 30153?
False
Is 86285 a multiple of 73?
False
Does 11 divide 9206274?
True
Is 35 a factor of 3518303?
False
Does 42 divide 37464?
True
Is 399470 a multiple of 8?
False
Is 41 a factor of 1001302?
True
Is 422 a factor of 6798115?
False
Does 621 divide 14860957?
False
Does 16 divide 2806552?
False
Does 134 divide 1375179?
False
Does 187 divide 161568?
True
Is 89 a factor of 86944?
False
Is 177 a factor of 53985?
True
Does 178 divide 5682723?
False
Does 462 divide 237255?
False
Is 1265799 a multiple of 57?
True
Is 12 a factor of 441876?
True
Is 28486 a multiple of 9?
False
Is 4 a factor of 104386?
False
Is 3562904 a multiple of 4?
True
Is 7572960 a multiple of 288?
True
Does 33 divide 28908?
True
Does 12 divide 30048?
True
Is 33279 a multiple of 3?
True
Is 71277 a multiple of 127?
False
Is 1540299 a multiple of 12?
False
Does 68 divide 52574?
False
Does 62 divide 459247?
False
Is 10 a factor of 41530?
True
Is 10821077 a multiple of 1060?
False
Is 1859220 a multiple of 15?
True
Is 71832 a multiple of 259?
False
Is 3085624 a multiple of 124?
False
Is 604 a factor of 1930044?
False
Is 928 a factor of 706208?
True
Does 115 divide 170246?
False
Is 1739820 a multiple of 30?
True
Is 80 a factor of 11008525?
False
Is 148876 a multiple of 52?
True
Is 4482218 a multiple of 82?
False
Is 15895132 a multiple of 44?
True
Is 5081906 a multiple of 793?
False
Is 240 a factor of 24815?
False
Does 37 divide 4330769?
False
Is 114 a factor of 217398?
True
Is 658 a factor of 3732125?
False
Is 145 a factor of 37278?
False
Is 5 a factor of 84565?
True
Does 245 divide 1597155?
True
Is 25 a factor of 6100475?
True
Is 3323757 a multiple of 411?
True
Does 193 divide 8182621?
True
Is 97 a factor of 3605878?
True
Is 12 a factor of 299680?
False
Is 7829191 a multiple of 7?
False
Does 32 divide 321226?
False
Is 82 a factor of 771538?
True
Is 13 a factor of 2092888?
False
Is 30666 a multiple of 34?
False
Does 321 divide 190081?
False
Does 822 divide 1572909?
False
Is 277123 a multiple of 154?
False
Is 605264 a multiple of 44?
True
Is 100 a factor of 836498?
False
Is 8 a factor of 33256?
True
Does 119 divide 1191443?
False
Is 11 a factor of 43987?
False
Is 2400390 a multiple of 298?
True
Is 14 a factor of 2006998?
True
Is 18 a factor of 1005963?
False
Does 15 divide 95802?
False
Is 77 a factor of 4592514?
False
Is 5 a factor of 12215?
True
Does 51 divide 1267401?
True
Is 18 a factor of 235710?
True
Is 344187 a multiple of 229?
True
Does 791 divide 1892792?
False
Is 87 a factor of 132768?
False
Is 314 a factor of 707931?
False
Is 1213815 a multiple of 57?
True
Is 1205637 a multiple of 39?
False
Is 291 a factor of 2068428?
True
Does 69 divide 103413?
False
Is 7 a factor of 25648?
True
Does 40 divide 23106466?
False
Does 192 divide 96768?
True
Does 29 divide 100340?
True
Is 4 a factor of 37037?
False
Is 101 a factor of 32666?
False
Does 10 divide 105540?
True
Is 90 a factor of 357030?
True
Does 410 divide 8514444?
False
Is 11 a factor of 1259458?
False
Is 7066087 a multiple of 15?
False
Does 196 divide 588000?
True
Is 159 a factor of 34425?
False
Is 1032178 a multiple of 30?
False
Does 727 divide 10441901?
True
Does 58 divide 1471808?
True
Is 723120 a multiple of 16?
True
Does 437 divide 1314710?
False
Is 223 a factor of 248645?
True
Does 44 divide 3648097?
False
Is 4341403 a multiple of 12?
False
Does 32 divide 1071456?
True
Is 11 a factor of 73156?
False
Is 32 a factor of 4383329?
False
Is 297 a factor of 1516482?
True
Does 71 divide 634953?
True
Does 22 divide 150181?
False
Does 57 divide 156864?
True
Is 110751 a multiple of 67?
True
Does 16 divide 4733728?
True
Does 81 divide 1379187?
True
Is 471626 a multiple of 10?
False
Does 6 divide 274656?
True
Does 13 divide 48826?
False
Is 230976 a multiple of 8?
True
Is 517 a factor of 310200?
True
Does 122 divide 2683634?
True
Is 9360586 a multiple of 23?
True
Does 41 divide 9385288?
False
Does 517 divide 1277507?
True
Does 109 divide 223668?
True
Is 10 a factor of